52433?
3
What is the ten millions digit of 13601380?
1
What is the ten thousands digit of 241294?
4
What is the hundred thousands digit of 10297184?
2
What is the units digit of 13432062?
2
What is the tens digit of 5728282?
8
What is the hundreds digit of 27937409?
4
What is the hundreds digit of 920502?
5
What is the ten thousands digit of 75250?
7
What is the hundred thousands digit of 124040?
1
What is the tens digit of 520390?
9
What is the units digit of 113460?
0
What is the millions digit of 11020971?
1
What is the ten thousands digit of 181500?
8
What is the ten thousands digit of 6388449?
8
What is the units digit of 1567070?
0
What is the ten thousands digit of 535354?
3
What is the hundreds digit of 649314?
3
What is the hundred thousands digit of 32184226?
1
What is the units digit of 652477?
7
What is the tens digit of 977752?
5
What is the ten millions digit of 32518417?
3
What is the thousands digit of 4283443?
3
What is the hundred thousands digit of 1332214?
3
What is the millions digit of 29429411?
9
What is the hundred thousands digit of 295747?
2
What is the ten thousands digit of 8866118?
6
What is the tens digit of 136101?
0
What is the hundreds digit of 24537?
5
What is the hundred thousands digit of 5273349?
2
What is the thousands digit of 371941?
1
What is the tens digit of 446751?
5
What is the millions digit of 5062388?
5
What is the millions digit of 2148410?
2
What is the hundred thousands digit of 9929014?
9
What is the units digit of 497543?
3
What is the hundred thousands digit of 2034792?
0
What is the hundred thousands digit of 18782595?
7
What is the thousands digit of 240340?
0
What is the thousands digit of 7489731?
9
What is the ten thousands digit of 1550838?
5
What is the units digit of 233348?
8
What is the thousands digit of 90164?
0
What is the tens digit of 353750?
5
What is the hundred thousands digit of 2844805?
8
What is the tens digit of 10900070?
7
What is the hundreds digit of 238828?
8
What is the hundred thousands digit of 4305714?
3
What is the units digit of 109243?
3
What is the hundreds digit of 1164272?
2
What is the hundreds digit of 127970?
9
What is the units digit of 196491?
1
What is the ten thousands digit of 78103?
7
What is the thousands digit of 173946?
3
What is the ten thousands digit of 10638101?
3
What is the thousands digit of 669103?
9
What is the hundred thousands digit of 6507839?
5
What is the hundred thousands digit of 335636?
3
What is the millions digit of 4118262?
4
What is the hundreds digit of 7677324?
3
What is the hundreds digit of 1767625?
6
What is the hundred thousands digit of 1773899?
7
What is the hundreds digit of 89837?
8
What is the millions digit of 1005397?
1
What is the ten thousands digit of 971402?
7
What is the hundred thousands digit of 2795149?
7
What is the thousands digit of 137651?
7
What is the hundred thousands digit of 2373428?
3
What is the thousands digit of 88862?
8
What is the tens digit of 1040610?
1
What is the tens digit of 114388?
8
What is the units digit of 372784?
4
What is the thousands digit of 464632?
4
What is the ten thousands digit of 9561945?
6
What is the thousands digit of 21095270?
5
What is the hundred thousands digit of 260649?
2
What is the units digit of 1343491?
1
What is the millions digit of 2770770?
2
What is the hundred thousands digit of 296202?
2
What is the ten thousands digit of 2891267?
9
What is the hundred thousands digit of 616292?
6
What is the thousands digit of 1318710?
8
What is the hundred thousands digit of 116007?
1
What is the millions digit of 11284068?
1
What is the millions digit of 3385832?
3
What is the thousands digit of 979420?
9
What is the ten thousands digit of 6542258?
4
What is the ten thousands digit of 5792693?
9
What is the hundreds digit of 4240798?
7
What is the units digit of 8102376?
6
What is the hundreds digit of 445187?
1
What is the tens digit of 13495764?
6
What is the thousands digit of 6232297?
2
What is the ten thousands digit of 16677755?
7
What is the hundred thousands digit of 694964?
6
What is the hundred thousands digit of 806691?
8
What is the ten thousands digit of 6636632?
3
What is the units digit of 409618?
8
What is the tens digit of 644629?
2
What is the tens digit of 2424126?
2
What is the units digit of 82404?
4
What is the hundred thousands digit of 33629792?
6
What is the units digit of 423329?
9
What is the hundred thousands digit of 5554809?
5
What is the ten thousands digit of 456688?
5
What is the hundreds digit of 802383?
3
What is the tens digit of 1448160?
6
What is the units digit of 823106?
6
What is the hundreds digit of 448058?
0
What is the tens digit of 491094?
9
What is the thousands digit of 233426?
3
What is the hundred thousands digit of 249704?
2
What is the thousands digit of 6439664?
9
What is the millions digit of 10771675?
0
What is the ten thousands digit of 2729627?
2
What is the hundred thousands digit of 160920?
1
What is the hundred thousands digit of 273998?
2
What is the tens digit of 28217671?
7
What is the thousands digit of 1428694?
8
What is the thousands digit of 170051?
0
What is the hundreds digit of 191657?
6
What is the tens digit of 2548741?
4
What is the ten thousands digit of 24188?
2
What is the millions digit of 2031123?
2
What is the ten thousands digit of 2415833?
1
What is the hundred thousands digit of 2952423?
9
What is the tens digit of 9290051?
5
What is the units digit of 1290101?
1
What is the thousands digit of 372938?
2
What is the hundred thousands digit of 3817147?
8
What is the thousands digit of 292173?
2
What is the hundred thousands digit of 14978976?
9
What is the ten thousands digit of 1156376?
5
What is the ten thousands digit of 654703?
5
What is the hundreds digit of 177882?
8
What is the millions digit of 2998470?
2
What is the units digit of 26122712?
2
What is the thousands digit of 6538029?
8
What is the thousands digit of 201374?
1
What is the ten millions digit of 12435394?
1
What is the hundred thousands digit of 1742179?
7
What is the thousands digit of 2528901?
8
What is the units digit of 2257751?
1
What is the hundred thousands digit of 366968?
3
What is the ten thousands digit of 3014945?
1
What is the thousands digit of 7259114?
9
What is the hundreds digit of 553989?
9
What is the hundred thousands digit of 11297161?
2
What is the hundred thousands digit of 3812957?
8
What is the thousands digit of 9682693?
2
What is the thousands digit of 12583?
2
What is the ten thousands digit of 2846318?
4
What is the thousands digit of 3792758?
2
What is the units digit of 19968491?
1
What is the ten thousands digit of 6070823?
7
What is the units digit of 1470054?
4
What is the thousands digit of 316820?
6
What is the tens digit of 322788?
8
What is the tens digit of 33885937?
3
What is the millions digit of 3435251?
3
What is the tens digit of 5907340?
4
What is the units digit of 10577331?
1
What is the thousands digit of 11086108?
6
What is the hundreds digit of 298161?
1
What is the hundreds digit of 1161100?
1
What is the units digit of 960180?
0
What is the ten thousands digit of 3834199?
3
What is the hundreds digit of 247441?
4
What is the units digit of 428571?
1
What is the hundreds digit of 587177?
1
What is the millions digit of 22192352?
2
What is the units digit of 38414805?
5
What is the hundreds digit of 691328?
3
What is the ten millions digit of 13506975?
1
What is the hundred thousands digit of 8142570?
1
What is the hundred thousands digit of 12100719?
1
What is the hundreds digit of 71819?
8
What is the hundreds digit of 401011?
0
What is the ten thousands digit of 2105110?
0
What is the ten thousands digit of 429347?
2
What is the thousands digit of 823494?
3
What is the units digit of 238964?
4
What is the ten millions digit of 14241555?
1
What is the millions digit of 1199310?
1
What is the thousands digit of 375818?
5
What is the hundred thousands digit of 140519?
1
What is the ten thousands digit of 24409716?
0
What is the ten thousands digit of 563274?
6
What is the hundreds digit of 2589597?
5
What is the hundred thousands digit of 319194?
3
What is the hundreds digit of 2298?
2
What is the hundred thousands digit of 5114226?
1
What is the thousands d